igit of 9066564852?
8
What is the ten millions digit of 74898991?
7
What is the hundreds digit of 76692279?
2
What is the tens digit of 16232323?
2
What is the units digit of 2581978711?
1
What is the tens digit of 2000412365?
6
What is the ten millions digit of 1540440688?
4
What is the millions digit of 58260894?
8
What is the tens digit of 44481584?
8
What is the thousands digit of 1038475127?
5
What is the millions digit of 86442636?
6
What is the thousands digit of 276904067?
4
What is the billions digit of 1845286572?
1
What is the tens digit of 125545166?
6
What is the ten millions digit of 259050749?
5
What is the hundreds digit of 45705469?
4
What is the units digit of 23890289?
9
What is the hundreds digit of 270437718?
7
What is the hundred thousands digit of 214020230?
0
What is the hundred thousands digit of 38904377?
9
What is the units digit of 600732505?
5
What is the hundred millions digit of 1618277448?
6
What is the ten thousands digit of 1037667352?
6
What is the tens digit of 212201042?
4
What is the hundred thousands digit of 1247792283?
7
What is the tens digit of 294651647?
4
What is the hundred millions digit of 275573074?
2
What is the ten thousands digit of 269290654?
9
What is the thousands digit of 266598916?
8
What is the ten thousands digit of 165890761?
9
What is the hundred thousands digit of 21097661?
0
What is the units digit of 6663293324?
4
What is the hundred thousands digit of 115398605?
3
What is the hundreds digit of 1348892462?
4
What is the units digit of 89044429?
9
What is the units digit of 133162218?
8
What is the thousands digit of 185901789?
1
What is the ten thousands digit of 1309354389?
5
What is the hundred thousands digit of 52548146?
5
What is the units digit of 89739745?
5
What is the hundred thousands digit of 478427141?
4
What is the thousands digit of 140528158?
8
What is the tens digit of 738443618?
1
What is the millions digit of 51541824?
1
What is the thousands digit of 1288682354?
2
What is the thousands digit of 3101286340?
6
What is the units digit of 510057449?
9
What is the ten millions digit of 2868845217?
6
What is the thousands digit of 9189316?
9
What is the ten millions digit of 457107580?
5
What is the tens digit of 126399616?
1
What is the hundreds digit of 1543524018?
0
What is the hundreds digit of 884302887?
8
What is the hundred thousands digit of 311143741?
1
What is the hundreds digit of 2268511733?
7
What is the ten millions digit of 380487336?
8
What is the ten millions digit of 203276615?
0
What is the ten thousands digit of 21663780?
6
What is the ten millions digit of 140465668?
4
What is the ten millions digit of 170152552?
7
What is the ten thousands digit of 4390248918?
4
What is the ten thousands digit of 3849074065?
7
What is the thousands digit of 718956651?
6
What is the hundred millions digit of 478756839?
4
What is the hundred thousands digit of 5181287264?
2
What is the ten millions digit of 937654206?
3
What is the hundred thousands digit of 74380281?
3
What is the ten thousands digit of 2737005249?
0
What is the ten millions digit of 27138692?
2
What is the hundreds digit of 4628392365?
3
What is the units digit of 70640595?
5
What is the ten thousands digit of 34779337?
7
What is the hundreds digit of 47226814?
8
What is the tens digit of 179083666?
6
What is the ten thousands digit of 726837575?
3
What is the units digit of 677890650?
0
What is the units digit of 325166905?
5
What is the hundreds digit of 28684859?
8
What is the units digit of 27623026?
6
What is the ten thousands digit of 10814024?
1
What is the thousands digit of 66419198?
9
What is the millions digit of 51172986?
1
What is the hundred thousands digit of 345467884?
4
What is the ten thousands digit of 93865638?
6
What is the millions digit of 271770929?
1
What is the ten thousands digit of 41235022?
3
What is the thousands digit of 1758878414?
8
What is the millions digit of 22554857?
2
What is the hundreds digit of 71879620?
6
What is the tens digit of 107442323?
2
What is the hundred thousands digit of 103692058?
6
What is the units digit of 167529189?
9
What is the tens digit of 8450773454?
5
What is the thousands digit of 35052783?
2
What is the tens digit of 65627707?
0
What is the tens digit of 119794953?
5
What is the ten millions digit of 166692868?
6
What is the hundred millions digit of 1598161415?
5
What is the hundred thousands digit of 55998925?
9
What is the ten thousands digit of 979295817?
9
What is the thousands digit of 412989496?
9
What is the thousands digit of 395379578?
9
What is the ten thousands digit of 36006393?
0
What is the units digit of 27454437?
7
What is the hundreds digit of 1818235685?
6
What is the ten millions digit of 3883151406?
8
What is the millions digit of 22508432?
2
What is the millions digit of 337677648?
7
What is the millions digit of 18872445?
8
What is the units digit of 167578230?
0
What is the thousands digit of 81311855?
1
What is the hundreds digit of 21600357?
3
What is the hundred thousands digit of 150969350?
9
What is the millions digit of 184059108?
4
What is the tens digit of 6129870035?
3
What is the hundreds digit of 61651004?
0
What is the thousands digit of 127308263?
8
What is the hundred thousands digit of 169733497?
7
What is the ten thousands digit of 40492423?
9
What is the tens digit of 4404401447?
4
What is the ten thousands digit of 102992118?
9
What is the hundred thousands digit of 927036257?
0
What is the tens digit of 44089841?
4
What is the ten millions digit of 304449982?
0
What is the ten millions digit of 20590711?
2
What is the units digit of 291032097?
7
What is the ten millions digit of 327158717?
2
What is the hundreds digit of 183229183?
1
What is the thousands digit of 4450328813?
8
What is the thousands digit of 103111471?
1
What is the hundreds digit of 6032309252?
2
What is the units digit of 329441947?
7
What is the thousands digit of 346052277?
2
What is the units digit of 9892032?
2
What is the ten millions digit of 27768076?
2
What is the units digit of 617234532?
2
What is the ten millions digit of 201639273?
0
What is the hundreds digit of 288555694?
6
What is the units digit of 975082382?
2
What is the ten thousands digit of 31577295?
7
What is the hundred millions digit of 552030137?
5
What is the hundreds digit of 43589396?
3
What is the millions digit of 383626348?
3
What is the millions digit of 1185422092?
5
What is the units digit of 51332734?
4
What is the ten millions digit of 80864724?
8
What is the ten thousands digit of 4154669500?
6
What is the ten millions digit of 145185425?
4
What is the ten thousands digit of 41403153?
0
What is the hundreds digit of 54015624?
6
What is the thousands digit of 13292695?
2
What is the ten thousands digit of 1470904577?
0
What is the thousands digit of 104360723?
0
What is the ten thousands digit of 54954982?
5
What is the hundred thousands digit of 7131974714?
9
What is the millions digit of 251818102?
1
What is the tens digit of 831503482?
8
What is the units digit of 328786411?
1
What is the hundreds digit of 298142124?
1
What is the hundred thousands digit of 59559859?
5
What is the ten thousands digit of 16864172?
6
What is the thousands digit of 14407564?
7
What is the ten thousands digit of 3207154169?
5
What is the units digit of 516024?
4
What is the ten millions digit of 690973708?
9
What is the hundred thousands digit of 207567573?
5
What is the ten millions digit of 84978513?
8
What is the hundreds digit of 185087993?
9
What is the hundreds digit of 47621511?
5
What is the hundred thousands digit of 1450403679?
4
What is the ten thousands digit of 34578565?
7
What is the hundred thousands digit of 3649253?
6
What is the tens digit of 61809162?
6
What is the thousands digit of 4962683688?
3
What is the units digit of 358559660?
0
What is the millions digit of 4027501?
4
What is the ten millions digit of 17129800?
1
What is the ten millions digit of 1335319003?
3
What is the millions digit of 311979116?
1
What is the hundred thousands digit of 606764257?
7
What is the hundreds digit of 75706142?
1
What is the tens digit of 6822604?
0
What is the thousands digit of 1142950274?
0
What is the ten thousands digit of 25326796?
